prime factors of m.
2, 79
Let u be (3/6)/(5/20). Suppose u*v - 61 - 23 = 0. List the prime factors of v.
2, 3, 7
Suppose 5*y - 2*g - 3*g + 75 = 0, 0 = -y + 3*g - 15. What are the prime factors of 51 + 2/(-6)*y?
2, 7
Let g = -9 - 1. Let y(j) be the second derivative of j**4/12 + 4*j**3/3 + 6*j**2 - 3*j. List the prime factors of y(g).
2
Let k be -2 + -120 + -1 + -1. Let l be 3/(-7) + k/(-28). Suppose c - 42 = -l*x - c, 4*x - 17 = 3*c. What are the prime factors of x?
2
Suppose 6*j - 2*j + 710 = -5*d, 0 = 5*j. Let s = d - -201. What are the prime factors of s?
59
List the prime factors of (-1182)/21*4/((-8)/14).
2, 197
Suppose 97 + 113 = -q. Let j = q - -295. List the prime factors of j.
5, 17
Suppose y - 14 + 4 = 0. What are the prime factors of 15/6 + -1 - (-965)/y?
2, 7
Let q = 126 + -52. List the prime factors of q.
2, 37
Let h(r) = -15*r**3 - 28*r**2 - 19*r + 11. Let p(t) = 7*t**3 + 14*t**2 + 10*t - 5. Let y(x) = 6*h(x) + 13*p(x). List the prime factors of y(-12).
97
Suppose 2*a - 4*a - 1835 = 3*p, 0 = 2*p - 2*a + 1240. Suppose -4*l - 4 = -2*d + 8, 36 = 4*d - 5*l. List the prime factors of (-4)/d + p/(-21).
29
Let w = 1011 - 952. What are the prime factors of w?
59
Let h(r) = -r**3 + 51*r**2 - r + 117. List the prime factors of h(51).
2, 3, 11
Let a(g) = g**2 + 3*g + 3. Let n = 29 + -31. Let w be a(n). Let f(y) = 15*y**2 + y - 2. List the prime factors of f(w).
2, 7
Suppose -m = 4*m + 225. Suppose -a + 67 = 2*j + 2*j, -3*j = 4*a - 268. Let t = a + m. List the prime factors of t.
2, 11
Suppose 3*n = -4*n + 1295. What are the prime factors of n?
5, 37
List the prime factors of -6 - (-20 + 10 - 1436).
2, 3, 5
What are the prime factors of 390860/70 - 6/(-21)?
2, 349
Suppose 0 = 2*h - 5*x - 31, -2*h + 0*h = -x - 11. Suppose -h*f = -4*p - 150, -f + 0*f = -2*p - 50. List the prime factors of f.
2, 5
Let r(l) = 192*l - 10. Let x be r(2). Let w = -116 + x. List the prime factors of w.
2, 3, 43
Let c(z) = 3*z**2 + 26*z + 2. Let l be c(-8). Let y(d) = -d**3 - 13*d**2 + 7*d - 74. What are the prime factors of y(l)?
2, 3
Let n = 377 + 52. What are the prime factors of n?
3, 11, 13
Let r(l) = -l**3 + 26*l**2 + 7*l - 33. What are the prime factors of r(25)?
13, 59
Suppose -w + 7 = 4. Suppose 0 = -2*s - 2, -w*s = f - 2*f + 5. Suppose -5*g + 175 = 4*q, g - f*g = -3. List the prime factors of q.
2, 5
Let b = 117 + -81. Let c = -25 + b. What are the prime factors of c?
11
Let d(o) = -81*o + 786. What are the prime factors of d(0)?
2, 3, 131
Let g be (-21)/3*440/(-28). Let u = 319 - g. List the prime factors of u.
11, 19
Let f be (-696)/(-10) - 4/(-10). Let d(p) = -p**2 + 16*p - 43. Let o be d(12). Suppose -f = -5*c + 4*a, -c - o*a + 0*a = 15. List the prime factors of c.
2, 5
Let q(k) = 6*k**2 - 11*k - 57. Let o(y) = -3*y**2 + 5*y + 29. Let f(d) = -5*o(d) - 2*q(d). List the prime factors of f(7).
5, 19
Let s = 73 + -52. Suppose -2*j - 2*g + 5*g + 11 = 0, -5*g = -2*j + s. What are the prime factors of (6/(-12))/(j/208)?
2, 13
Suppose -8 = 2*a, -6*j + 4*j - 4*a - 14 = 0. What are the prime factors of j/(18/(-4)) - 83/(-9)?
3
Suppose 2*r = -0*r - 14. Suppose -3*w + 2*i + 33 + 8 = 0, 3*w - 4*i = 31. Let m = w + r. What are the prime factors of m?
2, 5
Let y(m) = -6*m - 4. Let b be y(-3). Let p(x) = x - 3. What are the prime factors of p(b)?
11
Suppose -195*k - 12891 = -5*h - 199*k, 5*k = 4*h - 10280. List the prime factors of h.
5, 103
List the prime factors of (-436 - -5)*(-2 + 0).
2, 431
Let p = -2 + -3. Let b = p + 7. Suppose b*m + 36 = 4*m. List the prime factors of m.
2, 3
Let a(k) = 2*k**3 + k**2 + 38*k + 1011. What are the prime factors of a(0)?
3, 337
Let h(d) = -d + 8. Let x be h(3). Suppose -5*f + 3*u = -0*u - x, -4*f + 4 = 3*u. Let t = 44 - f. List the prime factors of t.
43
Let i(g) = 38*g + 139. List the prime factors of i(7).
3, 5
Let u = 7 + 150. List the prime factors of u.
157
Suppose 5*a - 992 - 427 = 3*d, -6 = 2*d. What are the prime factors of a?
2, 3, 47
Let c(h) = 2*h - 54. Let z be c(0). List the prime factors of (-2)/(-9) - 96/z.
2
Suppose 4*b + 154 = -10*b. Let h = b - -107. What are the prime factors of h?
2, 3
Let i be 105/12 - 1/(-4). Suppose -8*k = -i*k + 13. What are the prime factors of k?
13
Suppose 10*j - 8*j = u - 287, -5*u - 4*j + 1421 = 0. What are the prime factors of u?
3, 5, 19
Let g = -91 - -155. List the prime factors of g.
2
Suppose -10*t - 2*r + 4486 = -8*t, -4*r = -12. List the prime factors of t.
2, 5, 7
Suppose -3*k - k - 2*h + 46 = 0, -h - 68 = -5*k. Let i be 241/9 + (48/(-27) - -2). Let m = i - k. List the prime factors of m.
2, 7
Let s = -5 + 0. Let q(m) = -m**3 - 5*m**2 - 2*m - 5. Let g be q(s). Suppose 2*w = g + 9. What are the prime factors of w?
7
Suppose -2*l + 573 = -3*c, 0 = -58*c + 54*c - 4. List the prime factors of l.
3, 5, 19
Let s(n) be the first derivative of -n**4/4 + 4*n**3 + 3*n**2/2 - 14*n - 19. List the prime factors of s(12).
2, 11
Let s = 718 - 515. What are the prime factors of s?
7, 29
Let p(u) = 2*u**3 - u**2 + 1. Suppose 5*z - 16 = -6. Suppose -m - 15 = -4*i, 0 = 3*i + 5*m - z*m. List the prime factors of p(i).
2, 23
Suppose 0 = 4*o - 2*o - 4. Suppose -3*z = -o*z - 29. Suppose 4*c - 22 = -2*u, 5*u - z = -5*c + 41. List the prime factors of u.
17
Suppose 9*a - 4 = 7*a. Let y(h) = 5*h**3 + 3*h**2 + 2*h - 3. List the prime factors of y(a).
53
Let z = -355 - -916. Suppose 0 = 3*a + y + 839, 3*a - y = a - z. What are the prime factors of (a/25)/(3/(-15))?
2, 7
Suppose 5*t + 5*j - 105 = 0, 3*t + j - 20 = 35. Let n = -12 + t. Suppose 2*y + n*i = -0*i + 19, 9 = 3*i. What are the prime factors of y?
2
Suppose 0 = -3*q + 2086 + 632. List the prime factors of q.
2, 3, 151
Suppose -3*l - 4 + 35 = -4*r, -8 = 2*r. Let j = l - 2. Suppose 4 = 4*z, j*g - 5*g = -3*z - 35. List the prime factors of g.
19
Let h(k) = k**3 - 1. Let z be (-9 + 3)/(1 - -1). Let o(l) = 2*l**3 - 9*l**2 - 10*l - 1. Let f(v) = z*h(v) + o(v). What are the prime factors of f(-8)?
2, 3
Let i = -187 - 69. Let p = i + 468. List the prime factors of p.
2, 53
Let w(h) be the second derivative of h**3/3 - 6*h**2 + h. Let n(v) = -v**3 - 16*v**2 - 15*v + 7. Let r be n(-15). List the prime factors of w(r).
2
Let n be (50*1)/(3 + -4). Let v = 92 + n. What are the prime factors of v?
2, 3, 7
Suppose 5*s - 4*s - 3 = 0. Suppose -y + 105 = 3*p + s*y, 4*y + 81 = 3*p. What are the prime factors of p?
31
Let c be (618/(-24) + 2)/(2/(-32)). Suppose -2*i = -2*l - c, 182 = i - 0*i - 3*l. List the prime factors of i.
2, 97
Let u(o) = -o**3 - 9*o**2 + 9*o - 1. Let s(a) = -13*a + 3. Let f be s(1). List the prime factors of u(f).
3
Suppose 4*w - h + 4 = 0, -2*w - 20 = -8*h + 3*h. Suppose 2*k = -5*r + 8, -3*r - 21*k + 23*k - 8 = 0. Suppose r = -m + 3 - w. List the prime factors of m.
3
Suppose -28*x + 45*x - 9112 = 0. What are the prime factors of x?
2, 67
Let k(t) = 10*t + 8*t - 22*t - 8*t**2 - 2. Let d(a) = -7*a**2 - 5*a - 1. Let v(u) = -7*d(u) + 6*k(u). List the prime factors of v(-14).
37
Suppose -2*l = 2*b - 0*l - 244, 0 = 3*b + 5*l - 360. Let v = b + -57. List the prime factors of v.
2, 17
Suppose -5*z + 4*x = -9801, 3*x = 4*z + 673 - 8514. List the prime factors of z.
37, 53
Let i(s) be the third derivative of 5/8*s**4 + 0 - 3/2*s**3 + 8*s**2 + 0*s - 1/60*s**5. What are the prime factors of i(14)?
5
List the prime factors of (-68)/(-374) - (-12096)/22.
2, 5, 11
Suppose 0 = -4*x + 3*q - 1, x - q + 3 - 2 = 0. Suppose -x*p - 4 = 0, 20 - 57 = -3*k - 4*p. List the prime factors of k.
3, 5
Let n = 10 + -8. Suppose n*z - z = -8. List the prime factors of (-573)/(-27) - z/(-36).
3, 7
Let o be ((-97)/3)/((6/(-18))/(-1)). Let l = 202 + o. What are the prime factors of l?
3, 5, 7
Suppose -1694 = -14*u + 4312. What are the prime factors of u?
3, 11, 13
What are the prime factors of (-272)/2040 + 23927/15?
5, 11, 29
Let z(d) = d**2 - 7*d + 20. Let h be (-135)/(-6)*(-2)/(-3). Let r be z(h). Suppose -4*f + 0 = -r. What are the prime factors of f?
5, 7
Suppose -9 + 0 = 3*i. Let o be (3 - 0) + i - -38. Suppose 3*g - 37 = o. What are the prime factors of g?
5
Let n(r) = -18*r**2 + 2*r - 6. Let l be n(-3). Let d = l - -261. What are the prime factors of d?
3, 29
Let n = 11 - 9. Let u be (40/(-16))/((-1)/n). Suppose -5*t + 3*c + 276 = 0, -2*t + u*t - 166 = 2*c. List th